{"id":205,"date":"2022-04-18T15:44:58","date_gmt":"2022-04-18T06:44:58","guid":{"rendered":"http:\/\/www.partnertec.co.jp\/home\/?page_id=205"},"modified":"2022-05-11T15:03:07","modified_gmt":"2022-05-11T06:03:07","slug":"equipment","status":"publish","type":"page","link":"https:\/\/www.partnertec.co.jp\/home\/index.php\/equipment\/","title":{"rendered":"\u8a2d\u5099\u7d39\u4ecb"},"content":{"rendered":"<div id=\"pl-205\"  class=\"panel-layout\" ><div id=\"pg-205-0\"  class=\"panel-grid panel-has-style\" ><div class=\"siteorigin-panels-stretch panel-row-style panel-row-style-for-205-0\" data-stretch-type=\"full-stretched\" ><div id=\"pgc-205-0-0\"  class=\"panel-grid-cell\" ><div id=\"panel-205-0-0-0\" class=\"so-panel widget widget_media_image panel-first-child panel-last-child\" data-index=\"0\" ><img loading=\"lazy\" decoding=\"async\" width=\"2000\" height=\"500\" src=\"https:\/\/www.partnertec.co.jp\/home\/wp-content\/uploads\/2022\/04\/IMG_0031.jpg\" class=\"image wp-image-263  attachment-full size-full\" alt=\"\" style=\"max-width: 100%; height: auto;\" srcset=\"https:\/\/www.partnertec.co.jp\/home\/wp-content\/uploads\/2022\/04\/IMG_0031.jpg 2000w, https:\/\/www.partnertec.co.jp\/home\/wp-content\/uploads\/2022\/04\/IMG_0031-300x75.jpg 300w, https:\/\/www.partnertec.co.jp\/home\/wp-content\/uploads\/2022\/04\/IMG_0031-1024x256.jpg 1024w, https:\/\/www.partnertec.co.jp\/home\/wp-content\/uploads\/2022\/04\/IMG_0031-768x192.jpg 768w, https:\/\/www.partnertec.co.jp\/home\/wp-content\/uploads\/2022\/04\/IMG_0031-1536x384.jpg 1536w\" sizes=\"auto, (max-width: 2000px) 100vw, 2000px\" \/><\/div><\/div><\/div><\/div><div id=\"pg-205-1\"  class=\"panel-grid panel-no-style\" ><div id=\"pgc-205-1-0\"  class=\"panel-grid-cell\" ><div id=\"panel-205-1-0-0\" class=\"so-panel widget widget_media_image panel-first-child\" data-index=\"1\" ><img loading=\"lazy\" decoding=\"async\" width=\"2560\" height=\"2053\" src=\"https:\/\/www.partnertec.co.jp\/home\/wp-content\/uploads\/2022\/04\/BTD-13F\u30fbR22-scaled.jpg\" class=\"image wp-image-242  attachment-full size-full\" alt=\"BTD-13F\u30fbR22\" style=\"max-width: 100%; height: auto;\" srcset=\"https:\/\/www.partnertec.co.jp\/home\/wp-content\/uploads\/2022\/04\/BTD-13F\u30fbR22-scaled.jpg 2560w, https:\/\/www.partnertec.co.jp\/home\/wp-content\/uploads\/2022\/04\/BTD-13F\u30fbR22-300x241.jpg 300w, https:\/\/www.partnertec.co.jp\/home\/wp-content\/uploads\/2022\/04\/BTD-13F\u30fbR22-1024x821.jpg 1024w, https:\/\/www.partnertec.co.jp\/home\/wp-content\/uploads\/2022\/04\/BTD-13F\u30fbR22-768x616.jpg 768w, https:\/\/www.partnertec.co.jp\/home\/wp-content\/uploads\/2022\/04\/BTD-13F\u30fbR22-1536x1232.jpg 1536w, https:\/\/www.partnertec.co.jp\/home\/wp-content\/uploads\/2022\/04\/BTD-13F\u30fbR22-2048x1643.jpg 2048w\" sizes=\"auto, (max-width: 2560px) 100vw, 2560px\" \/><\/div><div id=\"panel-205-1-0-1\" class=\"so-panel widget widget_media_image panel-last-child\" data-index=\"2\" ><img loading=\"lazy\" decoding=\"async\" width=\"1581\" height=\"1272\" src=\"https:\/\/www.partnertec.co.jp\/home\/wp-content\/uploads\/2022\/04\/MCR-A5C-1.jpg\" class=\"image wp-image-246  attachment-full size-full\" alt=\"MCR-A5C\" style=\"max-width: 100%; height: auto;\" srcset=\"https:\/\/www.partnertec.co.jp\/home\/wp-content\/uploads\/2022\/04\/MCR-A5C-1.jpg 1581w, https:\/\/www.partnertec.co.jp\/home\/wp-content\/uploads\/2022\/04\/MCR-A5C-1-300x241.jpg 300w, https:\/\/www.partnertec.co.jp\/home\/wp-content\/uploads\/2022\/04\/MCR-A5C-1-1024x824.jpg 1024w, https:\/\/www.partnertec.co.jp\/home\/wp-content\/uploads\/2022\/04\/MCR-A5C-1-768x618.jpg 768w, https:\/\/www.partnertec.co.jp\/home\/wp-content\/uploads\/2022\/04\/MCR-A5C-1-1536x1236.jpg 1536w\" sizes=\"auto, (max-width: 1581px) 100vw, 1581px\" \/><\/div><\/div><div id=\"pgc-205-1-1\"  class=\"panel-grid-cell\" ><div id=\"panel-205-1-1-0\" class=\"so-panel widget widget_media_image panel-first-child\" data-index=\"3\" ><img loading=\"lazy\" decoding=\"async\" width=\"2000\" height=\"1140\" src=\"https:\/\/www.partnertec.co.jp\/home\/wp-content\/uploads\/2022\/04\/KSL-F1230.jpg\" class=\"image wp-image-247  attachment-full size-full\" alt=\"KSL-F1230\" style=\"max-width: 100%; height: auto;\" srcset=\"https:\/\/www.partnertec.co.jp\/home\/wp-content\/uploads\/2022\/04\/KSL-F1230.jpg 2000w, https:\/\/www.partnertec.co.jp\/home\/wp-content\/uploads\/2022\/04\/KSL-F1230-300x171.jpg 300w, https:\/\/www.partnertec.co.jp\/home\/wp-content\/uploads\/2022\/04\/KSL-F1230-1024x584.jpg 1024w, https:\/\/www.partnertec.co.jp\/home\/wp-content\/uploads\/2022\/04\/KSL-F1230-768x438.jpg 768w, https:\/\/www.partnertec.co.jp\/home\/wp-content\/uploads\/2022\/04\/KSL-F1230-1536x876.jpg 1536w\" sizes=\"auto, (max-width: 2000px) 100vw, 2000px\" \/><\/div><div id=\"panel-205-1-1-1\" class=\"so-panel widget widget_media_image panel-last-child\" data-index=\"4\" ><img loading=\"lazy\" decoding=\"async\" width=\"1654\" height=\"2362\" src=\"https:\/\/www.partnertec.co.jp\/home\/wp-content\/uploads\/2022\/04\/SVA1220A.jpg\" class=\"image wp-image-249  attachment-full size-full\" alt=\"SVA1220A\" style=\"max-width: 100%; height: auto;\" srcset=\"https:\/\/www.partnertec.co.jp\/home\/wp-content\/uploads\/2022\/04\/SVA1220A.jpg 1654w, https:\/\/www.partnertec.co.jp\/home\/wp-content\/uploads\/2022\/04\/SVA1220A-210x300.jpg 210w, https:\/\/www.partnertec.co.jp\/home\/wp-content\/uploads\/2022\/04\/SVA1220A-717x1024.jpg 717w, https:\/\/www.partnertec.co.jp\/home\/wp-content\/uploads\/2022\/04\/SVA1220A-768x1097.jpg 768w, https:\/\/www.partnertec.co.jp\/home\/wp-content\/uploads\/2022\/04\/SVA1220A-1076x1536.jpg 1076w, https:\/\/www.partnertec.co.jp\/home\/wp-content\/uploads\/2022\/04\/SVA1220A-1434x2048.jpg 1434w\" sizes=\"auto, (max-width: 1654px) 100vw, 1654px\" \/><\/div><\/div><\/div><div id=\"pg-205-2\"  class=\"panel-grid panel-has-style\" ><div class=\"siteorigin-panels-stretch panel-row-style panel-row-style-for-205-2\" data-stretch-type=\"full-stretched\" ><div id=\"pgc-205-2-0\"  class=\"panel-grid-cell\" ><div id=\"panel-205-2-0-0\" class=\"so-panel widget widget_sow-editor panel-first-child panel-last-child\" data-index=\"5\" ><div class=\"so-widget-sow-editor so-widget-sow-editor-base\">\n<div class=\"siteorigin-widget-tinymce textwidget\">\n\t<table style=\"border-collapse: collapse;\" border=\"1\">\n<tbody>\n<tr>\n<td align=\"center\"><strong>\u30e1\u30fc\u30ab\u30fc<\/strong><\/td>\n<td align=\"center\"><strong>\u540d\u79f0<\/strong><\/td>\n<td align=\"center\"><strong>\u5f62\u5f0f<\/strong><\/td>\n<td align=\"center\"><strong>\u53f0\u6570<\/strong><\/td>\n<td align=\"center\"><strong>\u6700\u5927\u30ef\u30fc\u30af\u5bf8\u6cd5<\/strong><\/td>\n<\/tr>\n<tr>\n<td rowspan=\"6\">\u30aa\u30fc\u30af\u30de<\/td>\n<td rowspan=\"2\">5\u9762\u9580\u5f62\u30de\u30b7\u30cb\u30f3\u30b0\u30bb\u30f3\u30bf<\/td>\n<td>MCR-A5C\u2161<\/td>\n<td align=\"center\">1<\/td>\n<td><span style=\"font-size: 8pt;\">1,500\u00d73,000\u00d74,500mm<\/span><\/td>\n<\/tr>\n<tr>\n<td>MCR-A5C<\/td>\n<td style=\"text-align: center;\">1<\/td>\n<td><span style=\"font-size: 8pt;\">1,200\u00d72,000\u00d73,500mm<\/span><\/td>\n<\/tr>\n<tr>\n<td rowspan=\"2\">\u9580\u578b\u30de\u30b7\u30cb\u30f3\u30b0\u30bb\u30f3\u30bf<\/td>\n<td>MCV-A20<\/td>\n<td align=\"center\">1<\/td>\n<td><span style=\"font-size: 8pt;\">600\u00d71,300\u00d73,500mm<\/span><\/td>\n<\/tr>\n<tr>\n<td>MCV-A16<\/td>\n<td align=\"center\">1<\/td>\n<td><span style=\"font-size: 8pt;\">450\u00d71,000\u00d72,500mm<\/span><\/td>\n<\/tr>\n<tr>\n<td rowspan=\"2\">\u7aea\u578b\u30de\u30b7\u30cb\u30f3\u30b0\u30bb\u30f3\u30bf<\/td>\n<td>MILLAC611V\u2161<\/td>\n<td align=\"center\">1<\/td>\n<td><span style=\"font-size: 8pt;\">200\u00d7550\u00d71,100mm<\/span><\/td>\n<\/tr>\n<tr>\n<td>MA-550VB<\/td>\n<td align=\"center\">1<\/td>\n<td><span style=\"font-size: 8pt;\">200\u00d7550\u00d71,000mm<\/span><\/td>\n<\/tr>\n<tr>\n<td rowspan=\"4\">\u6771\u829d\u6a5f\u68b0<\/td>\n<td rowspan=\"4\">\u30c6\u30fc\u30d6\u30eb\u578b\u6a2a\u578b\u4e2d\u3050\u308a\u76e4<\/td>\n<td>BTD-13F\uff64R22<\/td>\n<td align=\"center\">1<\/td>\n<td><span style=\"font-size: 8pt;\">1,800\u00d72,200\u00d72,300mm<\/span><\/td>\n<\/tr>\n<tr>\n<td>BTD-110\uff64R16<\/td>\n<td align=\"center\">3<\/td>\n<td><span style=\"font-size: 8pt;\">1,400\u00d71,300\u00d71,300mm<\/span><\/td>\n<\/tr>\n<tr>\n<td>BTD-200QF<\/td>\n<td align=\"center\">1<\/td>\n<td><span style=\"font-size: 8pt;\">800\u00d7800\u00d71,000mm<\/span><\/td>\n<\/tr>\n<tr>\n<td>BTD-200QH<\/td>\n<td align=\"center\">1<\/td>\n<td><span style=\"font-size: 8pt;\">800\u00d7800\u00d71,000mm<\/span><\/td>\n<\/tr>\n<tr>\n<td rowspan=\"2\">\u4f4f\u53cb\u91cd\u6a5f\u68b0<\/td>\n<td rowspan=\"2\">\u5e73\u9762\u7814\u524a\u76e4<\/td>\n<td>KSL-F1230<\/td>\n<td align=\"center\">1<\/td>\n<td><span style=\"font-size: 8pt;\">615\u00d71,500\u00d73,000mm<\/span><\/td>\n<\/tr>\n<tr>\n<td>KSH-820<\/td>\n<td align=\"center\">1<\/td>\n<td><span style=\"font-size: 8pt;\">560\u00d7850\u00d72,000mm<\/span><\/td>\n<\/tr>\n<tr>\n<td rowspan=\"2\">\u5ca1\u672c\u5de5\u4f5c\u6a5f<\/td>\n<td rowspan=\"2\">\u5e73\u9762\u7814\u524a\u76e4<\/td>\n<td>64DX<\/td>\n<td align=\"center\">1<\/td>\n<td><span style=\"font-size: 8pt;\">150\u00d7400\u00d7600mm<\/span><\/td>\n<\/tr>\n<tr>\n<td>PSG106CA-iQ<\/td>\n<td align=\"center\">1<\/td>\n<td><span style=\"font-size: 8pt;\">300\u00d7600\u00d71000mm<\/span><\/td>\n<\/tr>\n<tr>\n<td rowspan=\"2\">\u6771\u829d\u6a5f\u68b0<\/td>\n<td rowspan=\"2\">\u30ed\u30fc\u30bf\u30ea\u30fc\u5e73\u9762\u7814\u524a\u76e4<\/td>\n<td>KRT-16B\uff08L\uff09<\/td>\n<td align=\"center\">1<\/td>\n<td><span style=\"font-size: 8pt;\">480\u00d71,200\u00d71,200mm<\/span><\/td>\n<\/tr>\n<tr>\n<td>KRT-7<\/td>\n<td align=\"center\">1<\/td>\n<td><span style=\"font-size: 8pt;\">250\u00d7550\u00d7550mm<\/span><\/td>\n<\/tr>\n<tr>\n<td rowspan=\"2\">\u30df\u30ed\u30af\u6a5f\u68b0<\/td>\n<td rowspan=\"2\">\u30ac\u30f3\u30c9\u30ea\u30eb\u30de\u30b7\u30f3<\/td>\n<td>MEG-1200NC<\/td>\n<td align=\"center\">1<\/td>\n<td><span style=\"font-size: 8pt;\">\u03c66\uff5e\u03c624 L\uff1d1,200<\/span><br \/>\n<span style=\"font-size: 8pt;\">\uff08\u6700\u5927\u91cd\u91cf2,000kg\uff09<\/span><\/td>\n<\/tr>\n<tr>\n<td>MEG-800NC<\/td>\n<td align=\"center\">1<\/td>\n<td><span style=\"font-size: 8pt;\">\u03c66\uff5e\u03c624 L\uff1d800<\/span><br \/>\n<span style=\"font-size: 8pt;\">\uff08\u6700\u5927\u91cd\u91cf1,000kg\uff09<\/span><\/td>\n<\/tr>\n<tr>\n<td>\u6771\u4eac\u7cbe\u5bc6<\/td>\n<td>\u4e09\u6b21\u5143\u6e2c\u5b9a\u6a5f<\/td>\n<td>SVA1220A<\/td>\n<td align=\"center\">1<\/td>\n<td><span style=\"font-size: 8pt;\">1,000\u00d71,200\u00d72,000mm<\/span><br \/>\n<span style=\"font-size: 8pt;\">\uff08\u6700\u5927\u91cd\u91cf2,000kg\uff09<\/span><\/td>\n<\/tr>\n<tr>\n<td rowspan=\"2\">\u30ad\u30e3\u30e0\u30bf\u30b9<\/td>\n<td rowspan=\"2\">CAD\/CAM<\/td>\n<td>speedy.mill win<\/td>\n<td align=\"center\">4<\/td>\n<td rowspan=\"2\"><\/td>\n<\/tr>\n<tr>\n<td>speedy.mill win 3D<\/td>\n<td align=\"center\">1<\/td>\n<\/tr>\n<tr>\n<td rowspan=\"4\">\u30ad\u30c8\u30fc<\/td>\n<td rowspan=\"4\">\u30af\u30ec\u30fc\u30f3<\/td>\n<td>2.8t<\/td>\n<td align=\"center\">2<\/td>\n<td rowspan=\"4\"><\/td>\n<\/tr>\n<tr>\n<td>5\/2.8t<\/td>\n<td align=\"center\">2<\/td>\n<\/tr>\n<tr>\n<td>10\/2.8t<\/td>\n<td align=\"center\">1<\/td>\n<\/tr>\n<tr>\n<td>15\/5t<\/td>\n<td align=\"center\">1<\/td>\n<\/tr>\n<\/tbody>\n<\/table>\n<\/div>\n<\/div><\/div><\/div><\/div><\/div><div id=\"pg-205-3\"  class=\"panel-grid panel-has-style\" ><div class=\"panel-row-style panel-row-style-for-205-3\" ><div id=\"pgc-205-3-0\"  class=\"panel-grid-cell\" ><div id=\"panel-205-3-0-0\" class=\"so-panel widget widget_media_image panel-first-child panel-last-child\" data-index=\"6\" ><img loading=\"lazy\" decoding=\"async\" width=\"2075\" height=\"1378\" src=\"https:\/\/www.partnertec.co.jp\/home\/wp-content\/uploads\/2022\/04\/\u30d1\u30bd\u30b3\u30f3.jpg\" class=\"image wp-image-270  attachment-full size-full\" alt=\"\" style=\"max-width: 100%; height: auto;\" srcset=\"https:\/\/www.partnertec.co.jp\/home\/wp-content\/uploads\/2022\/04\/\u30d1\u30bd\u30b3\u30f3.jpg 2075w, https:\/\/www.partnertec.co.jp\/home\/wp-content\/uploads\/2022\/04\/\u30d1\u30bd\u30b3\u30f3-300x199.jpg 300w, https:\/\/www.partnertec.co.jp\/home\/wp-content\/uploads\/2022\/04\/\u30d1\u30bd\u30b3\u30f3-1024x680.jpg 1024w, https:\/\/www.partnertec.co.jp\/home\/wp-content\/uploads\/2022\/04\/\u30d1\u30bd\u30b3\u30f3-768x510.jpg 768w, https:\/\/www.partnertec.co.jp\/home\/wp-content\/uploads\/2022\/04\/\u30d1\u30bd\u30b3\u30f3-1536x1020.jpg 1536w, https:\/\/www.partnertec.co.jp\/home\/wp-content\/uploads\/2022\/04\/\u30d1\u30bd\u30b3\u30f3-2048x1360.jpg 2048w, https:\/\/www.partnertec.co.jp\/home\/wp-content\/uploads\/2022\/04\/\u30d1\u30bd\u30b3\u30f3-272x182.jpg 272w\" sizes=\"auto, (max-width: 2075px) 100vw, 2075px\" \/><\/div><\/div><\/div><\/div><\/div>","protected":false},"excerpt":{"rendered":"<p>\u30e1\u30fc\u30ab\u30fc \u540d\u79f0 \u5f62\u5f0f \u53f0\u6570 \u6700\u5927\u30ef\u30fc\u30af\u5bf8\u6cd5 \u30aa\u30fc\u30af\u30de 5\u9762\u9580\u5f62\u30de\u30b7\u30cb\u30f3\u30b0\u30bb\u30f3\u30bf MCR-A5C\u2161 1 1,500\u00d73,000\u00d74,500mm MCR-A5C 1 1,200\u00d72,000\u00d73,500mm \u9580\u578b\u30de\u30b7\u30cb\u30f3\u30b0\u30bb\u30f3 [&hellip;]<\/p>\n","protected":false},"author":1,"featured_media":0,"parent":0,"menu_order":0,"comment_status":"closed","ping_status":"closed","template":"","meta":{"spay_email":"","footnotes":""},"class_list":["post-205","page","type-page","status-publish","hentry"],"_links":{"self":[{"href":"https:\/\/www.partnertec.co.jp\/home\/index.php\/wp-json\/wp\/v2\/pages\/205","targetHints":{"allow":["GET"]}}],"collection":[{"href":"https:\/\/www.partnertec.co.jp\/home\/index.php\/wp-json\/wp\/v2\/pages"}],"about":[{"href":"https:\/\/www.partnertec.co.jp\/home\/index.php\/wp-json\/wp\/v2\/types\/page"}],"author":[{"embeddable":true,"href":"https:\/\/www.partnertec.co.jp\/home\/index.php\/wp-json\/wp\/v2\/users\/1"}],"replies":[{"embeddable":true,"href":"https:\/\/www.partnertec.co.jp\/home\/index.php\/wp-json\/wp\/v2\/comments?post=205"}],"version-history":[{"count":143,"href":"https:\/\/www.partnertec.co.jp\/home\/index.php\/wp-json\/wp\/v2\/pages\/205\/revisions"}],"predecessor-version":[{"id":495,"href":"https:\/\/www.partnertec.co.jp\/home\/index.php\/wp-json\/wp\/v2\/pages\/205\/revisions\/495"}],"wp:attachment":[{"href":"https:\/\/www.partnertec.co.jp\/home\/index.php\/wp-json\/wp\/v2\/media?parent=205"}],"curies":[{"name":"wp","href":"https:\/\/api.w.org\/{rel}","templated":true}]}}